{"id":51,"date":"2017-02-12T09:56:58","date_gmt":"2017-02-12T09:56:58","guid":{"rendered":"http:\/\/countryhotelcontemporary.de\/?page_id=51"},"modified":"2017-02-24T17:28:47","modified_gmt":"2017-02-24T17:28:47","slug":"tobias-bremseck","status":"publish","type":"page","link":"http:\/\/countryhotelcontemporary.de\/?page_id=51","title":{"rendered":"Tobias Brembeck"},"content":{"rendered":"<p style=\"text-align: center;\">Geboren 1971 in Wuppertal, lebt und arbeitet in D\u00fcsseldorf<\/p>\n<p><img decoding=\"async\" loading=\"lazy\" class=\"aligncenter wp-image-672 size-full\" src=\"http:\/\/countryhotelcontemporary.de\/wp-content\/uploads\/2017\/02\/Tobias-Brembeck.png\" width=\"830\" height=\"718\" srcset=\"http:\/\/countryhotelcontemporary.de\/wp-content\/uploads\/2017\/02\/Tobias-Brembeck.png 830w, http:\/\/countryhotelcontemporary.de\/wp-content\/uploads\/2017\/02\/Tobias-Brembeck-300x260.png 300w, http:\/\/countryhotelcontemporary.de\/wp-content\/uploads\/2017\/02\/Tobias-Brembeck-768x664.png 768w\" sizes=\"(max-width: 830px) 100vw, 830px\" \/><\/p>\n<p>Die Arbeitsweise von Tobias Brembeck zeichnet sich durch Vielfalt in den benutzten Medien aus. In seinem freien Umgang mit den Materialien dieser Welt spielen die Wechselwirkungen von Humor, Tragik, Zufall, Themen aus Politik und privatem Alltag sowie intensive Auseinandersetzung mit der \u00c4sthetik und den Eigenschaften der vorhandenen Materialien eine gro\u00dfe Rolle. Seine Arbeit entfaltet sich zwischen Ordnung und Chaos, zwischen reduzierter Einheit und einer bl\u00fchenden Vielschichtigkeit, zwischen Provokation und Anpassung.<\/p>\n<p>Studium in Kassel, Karlsruhe und D\u00fcsseldorf bei Thomas Lehnerer, Meuser und Fritz Schwegler. dHCS-Atelierstipendium, Kunstverein f\u00fcr die Rheinlande und Westfalen, D\u00fcsseldorf (2003\/4) <strong>\/<\/strong> Stipendium des Cusanuswerks (1997-2000) <strong>\/<\/strong> Cit\u00e9 Internationale Des Arts, Paris (1997).<\/p>\n<p><strong>Ausstellungen (Auswahl):<\/strong><\/p>\n<p><strong>EA\u00a0 <\/strong>2017: &#8220;Ein Bild ein Text&#8221;, Offraum 8, D\u00fcsseldorf\u00a0 <strong>\/ <\/strong>2015: \u201ePerfektes Futur II\u201c, Ackerstr., D\u00fcsseldorf \/ 2013: \u201eXx\u201c, Neuer Saarbr\u00fccker Kunstverein (mit J\u00fcrgen Krause) \/ 2009: \u201eStrom wechseln\u201c, Parkhaus im Malkastenpark, D\u00fcssseldorf (mit Max Schulze) \/ 2005: \u201eViren\u201c, Projektraum Restitution, Berlin (mit Robert Kraiss) \/ 2000: \u201eSchaufenster\u201c, Kunsthalle Recklinghausen \/ 1999: \u201eChange is good\u201c, Museum Fridericianum Kassel.<\/p>\n<p><strong>GA \u00a0<\/strong>2014: \u201eInstitut f\u00fcr K\u00f6rperheilkunde\u201c, ehemaliges Allianzhaus, Mainz (mit Thomas Hombach und Lappiyul Park) \/ 2013: \u201eVon Wanderern, Wilderern und Dilettanten\u201c, Kunstverein fu\u0308r die Rheinlande und Westfalen, Du\u0308sseldorf \/ 2009: \u201eGuWi-Projekt\u201c, Lehmbruck-Museum Duisburg \/ 2007: \u201eschwarzwei\u00dfzwei\u201c, Parkhaus im Malkastenpark, D\u00fcsseldorf \/ 2006: \u201eExile on Cottage Street\u201c, Temporary D\u00fcsseldorf \/ 2005: \u201eRegarding D\u00fcsseldorf\u201c, 701 e.V., DIFA-Raum f\u00fcr Kunst, D\u00fcsseldorf ; \u201eV-Effekt\u201c, Interim-Projekte, Hafen2, Offenbach\/Frankfurt a.M. \/ 2001: \u201eChanging Places\u201c, Kasseler Kunstverein \/ 2000: \u201eMandelbaums Wunder\u00f6l\u201c, K\u00f6ln\/Berlin \/ 1995: \u201eDem Herkules zu F\u00fc\u00dfen\u201d, Museum Fridericianum Kassel u. a.<\/p>\n<p><a href=\"http:\/\/www.tobias-brembeck.de\" target=\"_blank\" data-saferedirecturl=\"https:\/\/www.google.com\/url?hl=de&amp;q=http:\/\/www.tobias-brembeck.de&amp;source=gmail&amp;ust=1487273894409000&amp;usg=AFQjCNG6dnjuv3tF_vVBK1Xr_tu4ckXo-A\">www.tobias-brembeck.de<\/a><\/p>\n","protected":false},"excerpt":{"rendered":"<p>Geboren 1971 in Wuppertal, lebt und arbeitet in D\u00fcsseldorf Die Arbeitsweise von Tobias Brembeck zeichnet sich durch Vielfalt in den benutzten Medien aus. In seinem freien Umgang mit den Materialien dieser Welt spielen die Wechselwirkungen von Humor, Tragik, Zufall, Themen aus Politik und privatem Alltag sowie intensive Auseinandersetzung mit der \u00c4sthetik und den Eigenschaften der [&hellip;]<\/p>\n","protected":false},"author":1,"featured_media":0,"parent":13,"menu_order":1,"comment_status":"closed","ping_status":"closed","template":"template-fullwidth.php","meta":[],"_links":{"self":[{"href":"http:\/\/countryhotelcontemporary.de\/index.php?rest_route=\/wp\/v2\/pages\/51"}],"collection":[{"href":"http:\/\/countryhotelcontemporary.de\/index.php?rest_route=\/wp\/v2\/pages"}],"about":[{"href":"http:\/\/countryhotelcontemporary.de\/index.php?rest_route=\/wp\/v2\/types\/page"}],"author":[{"embeddable":true,"href":"http:\/\/countryhotelcontemporary.de\/index.php?rest_route=\/wp\/v2\/users\/1"}],"replies":[{"embeddable":true,"href":"http:\/\/countryhotelcontemporary.de\/index.php?rest_route=%2Fwp%2Fv2%2Fcomments&post=51"}],"version-history":[{"count":9,"href":"http:\/\/countryhotelcontemporary.de\/index.php?rest_route=\/wp\/v2\/pages\/51\/revisions"}],"predecessor-version":[{"id":683,"href":"http:\/\/countryhotelcontemporary.de\/index.php?rest_route=\/wp\/v2\/pages\/51\/revisions\/683"}],"up":[{"embeddable":true,"href":"http:\/\/countryhotelcontemporary.de\/index.php?rest_route=\/wp\/v2\/pages\/13"}],"wp:attachment":[{"href":"http:\/\/countryhotelcontemporary.de\/index.php?rest_route=%2Fwp%2Fv2%2Fmedia&parent=51"}],"curies":[{"name":"wp","href":"https:\/\/api.w.org\/{rel}","templated":true}]}}

<p style="text-align: center;">Geboren 1971 in Wuppertal, lebt und arbeitet in Düsseldorf</p>
<p><img decoding="async" loading="lazy" class="aligncenter wp-image-672 size-full" src="http://countryhotelcontemporary.de/wp-content/uploads/2017/02/Tobias-Brembeck.png" width="830" height="718" srcset="http://countryhotelcontemporary.de/wp-content/uploads/2017/02/Tobias-Brembeck.png 830w, http://countryhotelcontemporary.de/wp-content/uploads/2017/02/Tobias-Brembeck-300x260.png 300w, http://countryhotelcontemporary.de/wp-content/uploads/2017/02/Tobias-Brembeck-768x664.png 768w" sizes="(max-width: 830px) 100vw, 830px" /></p>
<p>Die Arbeitsweise von Tobias Brembeck zeichnet sich durch Vielfalt in den benutzten Medien aus. In seinem freien Umgang mit den Materialien dieser Welt spielen die Wechselwirkungen von Humor, Tragik, Zufall, Themen aus Politik und privatem Alltag sowie intensive Auseinandersetzung mit der Ästhetik und den Eigenschaften der vorhandenen Materialien eine große Rolle. Seine Arbeit entfaltet sich zwischen Ordnung und Chaos, zwischen reduzierter Einheit und einer blühenden Vielschichtigkeit, zwischen Provokation und Anpassung.</p>
<p>Studium in Kassel, Karlsruhe und Düsseldorf bei Thomas Lehnerer, Meuser und Fritz Schwegler. dHCS-Atelierstipendium, Kunstverein für die Rheinlande und Westfalen, Düsseldorf (2003/4) <strong>/</strong> Stipendium des Cusanuswerks (1997-2000) <strong>/</strong> Cité Internationale Des Arts, Paris (1997).</p>
<p><strong>Ausstellungen (Auswahl):</strong></p>
<p><strong>EA  </strong>2017: &#8220;Ein Bild ein Text&#8221;, Offraum 8, Düsseldorf  <strong>/ </strong>2015: „Perfektes Futur II“, Ackerstr., Düsseldorf / 2013: „Xx“, Neuer Saarbrücker Kunstverein (mit Jürgen Krause) / 2009: „Strom wechseln“, Parkhaus im Malkastenpark, Düssseldorf (mit Max Schulze) / 2005: „Viren“, Projektraum Restitution, Berlin (mit Robert Kraiss) / 2000: „Schaufenster“, Kunsthalle Recklinghausen / 1999: „Change is good“, Museum Fridericianum Kassel.</p>
<p><strong>GA  </strong>2014: „Institut für Körperheilkunde“, ehemaliges Allianzhaus, Mainz (mit Thomas Hombach und Lappiyul Park) / 2013: „Von Wanderern, Wilderern und Dilettanten“, Kunstverein für die Rheinlande und Westfalen, Düsseldorf / 2009: „GuWi-Projekt“, Lehmbruck-Museum Duisburg / 2007: „schwarzweißzwei“, Parkhaus im Malkastenpark, Düsseldorf / 2006: „Exile on Cottage Street“, Temporary Düsseldorf / 2005: „Regarding Düsseldorf“, 701 e.V., DIFA-Raum für Kunst, Düsseldorf ; „V-Effekt“, Interim-Projekte, Hafen2, Offenbach/Frankfurt a.M. / 2001: „Changing Places“, Kasseler Kunstverein / 2000: „Mandelbaums Wunderöl“, Köln/Berlin / 1995: „Dem Herkules zu Füßen”, Museum Fridericianum Kassel u. a.</p>
<p><a href="http://www.tobias-brembeck.de" target="_blank" data-saferedirecturl="https://www.google.com/url?hl=de&amp;q=http://www.tobias-brembeck.de&amp;source=gmail&amp;ust=1487273894409000&amp;usg=AFQjCNG6dnjuv3tF_vVBK1Xr_tu4ckXo-A">www.tobias-brembeck.de</a></p>

<p>Geboren 1971 in Wuppertal, lebt und arbeitet in Düsseldorf Die Arbeitsweise von Tobias Brembeck zeichnet sich durch Vielfalt in den benutzten Medien aus. In seinem freien Umgang mit den Materialien dieser Welt spielen die Wechselwirkungen von Humor, Tragik, Zufall, Themen aus Politik und privatem Alltag sowie intensive Auseinandersetzung mit der Ästhetik und den Eigenschaften der [&hellip;]</p>
