{"id":65,"date":"2017-02-12T10:01:35","date_gmt":"2017-02-12T10:01:35","guid":{"rendered":"http:\/\/countryhotelcontemporary.de\/?page_id=65"},"modified":"2017-05-08T11:35:42","modified_gmt":"2017-05-08T11:35:42","slug":"bernhard-schreiner-achim-wollscheid","status":"publish","type":"page","link":"http:\/\/countryhotelcontemporary.de\/?page_id=65","title":{"rendered":"Bernhard Schreiner + Achim Wollscheid"},"content":{"rendered":"<p style=\"text-align: center;\"><strong><em>\u201eCalibrated Contingency II\u201c<\/em><\/strong><\/p>\n<p style=\"text-align: center;\">Parallel-Performance<br \/>\nvon Achim Wollscheid und Bernhard Schreiner<\/p>\n<p style=\"text-align: center;\">Samstag _ 13. 5. 2017 _ 20:00 Uhr _ Hallenbad<br \/>\nSpieldauer: ca. 45 Min.<\/p>\n<p style=\"text-align: center;\">eintrittsfrei<br \/>\n<img decoding=\"async\" loading=\"lazy\" class=\"alignnone wp-image-657 size-full\" src=\"http:\/\/countryhotelcontemporary.de\/wp-content\/uploads\/2017\/02\/BernhardAchim.png\" width=\"768\" height=\"566\" srcset=\"http:\/\/countryhotelcontemporary.de\/wp-content\/uploads\/2017\/02\/BernhardAchim.png 768w, http:\/\/countryhotelcontemporary.de\/wp-content\/uploads\/2017\/02\/BernhardAchim-300x221.png 300w\" sizes=\"(max-width: 768px) 100vw, 768px\" \/><\/p>\n<p><em>F\u00fcr Achim Wollscheid und Bernhard Schreiner ist Parallelit\u00e4t eine Abstraktion, eine Idee, die von tats\u00e4chlicher Kongruenz bei gleichzeitiger Trennung tr\u00e4umt. Die beiden in Frankfurt arbeitenden K\u00fcnstler werden klangliche Varianten verschiedener Soli gegeneinander stellen und verbinden. Die optische Trennung der beiden Akteure im Spielraum, erhellt den philosophischen Hintergrund der klanglichen Konfrontation im \u201cBlindflug\u201d.<\/em><\/p>\n<p>ACHIM WOLLSCHEID arbeitet im Bereich Musik, Musikinstallation und interaktive Medienkunst, seit Beginn der 80er Jahre vielfach auch im Rahmen interdisziplin\u00e4rer Kooperations-Projekte. Zu seinen Medien geh\u00f6ren Klang, Licht und Text &#8211; sie k\u00f6nnen separat oder in verschiedenen Kombinationen zueinander erscheinen. Sein Produktionsbereich umfasst auch Installationen im Innen- und Au\u00dfenraum, die Herstellung von Informationstr\u00e4gern &#8211; und deren Distribution sowie Arbeiten f\u00fcr Medien wie Radio oder Zeitung. Er ist Mitglied von <em>SELEKTION<\/em>, einer Organisation zur Herstellung und zum Vertrieb von Informationstr\u00e4gern.<\/p>\n<p>BERNHARD SCHREINER studierte an der St\u00e4delschule in Frankfurt, wo er aktuell auch als Lehrbeauftragter f\u00fcr Film\/Video t\u00e4tig ist. Er besch\u00e4ftigt sich mit Raum- und Klanginstallation, Fotografie\/Drucktechniken, Klang\/Musik und Film\/Video, wobei oft auch auf \u201egefundenes\u201c Material Bezug genommen wird. W\u00e4hrend er bis 1999 haupts\u00e4chlich dokumentarische, experimentelle S8- und 16-mm-Filmwerke produzierte, nimmt Klang heute eine zentrale Rolle in seinem Werk ein. 2004 gr\u00fcndete er das Label <em>feld-records<\/em>. 2006-2011 hat er Konzertreihen experimenteller elektronischer Musik f\u00fcr das Festival \u201eSteirischer Herbst\u201c in Graz cokuratiert.<\/p>\n<p>Die beiden K\u00fcnstler leben und arbeiten in Frankfurt a. M.<\/p>\n","protected":false},"excerpt":{"rendered":"<p>\u201eCalibrated Contingency II\u201c Parallel-Performance von Achim Wollscheid und Bernhard Schreiner Samstag _ 13. 5. 2017 _ 20:00 Uhr _ Hallenbad Spieldauer: ca. 45 Min. eintrittsfrei F\u00fcr Achim Wollscheid und Bernhard Schreiner ist Parallelit\u00e4t eine Abstraktion, eine Idee, die von tats\u00e4chlicher Kongruenz bei gleichzeitiger Trennung tr\u00e4umt. Die beiden in Frankfurt arbeitenden K\u00fcnstler werden klangliche Varianten verschiedener [&hellip;]<\/p>\n","protected":false},"author":1,"featured_media":0,"parent":13,"menu_order":0,"comment_status":"closed","ping_status":"closed","template":"template-fullwidth.php","meta":[],"_links":{"self":[{"href":"http:\/\/countryhotelcontemporary.de\/index.php?rest_route=\/wp\/v2\/pages\/65"}],"collection":[{"href":"http:\/\/countryhotelcontemporary.de\/index.php?rest_route=\/wp\/v2\/pages"}],"about":[{"href":"http:\/\/countryhotelcontemporary.de\/index.php?rest_route=\/wp\/v2\/types\/page"}],"author":[{"embeddable":true,"href":"http:\/\/countryhotelcontemporary.de\/index.php?rest_route=\/wp\/v2\/users\/1"}],"replies":[{"embeddable":true,"href":"http:\/\/countryhotelcontemporary.de\/index.php?rest_route=%2Fwp%2Fv2%2Fcomments&post=65"}],"version-history":[{"count":20,"href":"http:\/\/countryhotelcontemporary.de\/index.php?rest_route=\/wp\/v2\/pages\/65\/revisions"}],"predecessor-version":[{"id":905,"href":"http:\/\/countryhotelcontemporary.de\/index.php?rest_route=\/wp\/v2\/pages\/65\/revisions\/905"}],"up":[{"embeddable":true,"href":"http:\/\/countryhotelcontemporary.de\/index.php?rest_route=\/wp\/v2\/pages\/13"}],"wp:attachment":[{"href":"http:\/\/countryhotelcontemporary.de\/index.php?rest_route=%2Fwp%2Fv2%2Fmedia&parent=65"}],"curies":[{"name":"wp","href":"https:\/\/api.w.org\/{rel}","templated":true}]}}